(f) = -f**2 + 13*f - 13. Is c(p) a composite number?
False
Let o(d) = 31*d**2 - 6*d - 2. Is o(3) a prime number?
False
Let b(n) = n**3 + 7*n**2 + n + 10. Let h be b(-7). Suppose h*g - 3*x = 168, 29 - 9 = -5*x. Suppose 382 = 2*i - g. Is i prime?
False
Let y be (-898)/(-9) - (-12)/54. Suppose -2*n - 2 = 0, 0 = -2*b - b + n + y. Is b a prime number?
False
Let z(s) be the second derivative of -s**5/20 - 7*s**4/12 - s**3/6 + 3*s**2 - 3*s. Is z(-7) composite?
False
Let t(r) = 3 - 20*r + 2 + 1. Let m be t(5). Is (m/3)/(4/(-18)) a composite number?
True
Let d = -15 + 19. Suppose 0 = u - d*p - 243, -4*u - 4*p + 877 = -p. Is u a composite number?
False
Let d be (32/(-10))/((-4)/10). Suppose 0 = -d*q + 6*q + 62. Is q composite?
False
Suppose 4*y + 4 = -0*g + 2*g, 5*y = -10. Let a be 0 - -1 - (-8)/g. Let k = a + 13. Is k composite?
True
Suppose -1594 = -3*u + 1514. Suppose 3*n + n - u = 0. Is n composite?
True
Let v(n) = -2*n - 3. Let g be v(-6). Let z be (-17)/(-3) + (-6)/g. Suppose -z*h + 75 = -170. Is h prime?
False
Let x = 0 - -2. Let b be (3 - 2)*386/x. Let a = b + -138. Is a a composite number?
True
Let y be (167/(-2))/((-2)/4). Let g = y + -26. Is g composite?
True
Let o be ((-6)/(-2) + -16)*-44. Suppose -4*q + o = -0*q. Is q a prime number?
False
Let y = 514 + 193. Is y prime?
False
Suppose 808 = -4*g + 3068. Is g composite?
True
Let n(q) = 7*q**3 + q + 6. Let j be n(-6). Is j/(-26) + 12/(-78) composite?
True
Let g = -64 - -141. Is g composite?
True
Let f(x) = x**3 - 3*x**2 + 3*x - 4. Let d be f(3). Suppose 3*o + 4 - 299 = -2*j, 0 = 4*j - d*o - 557. Is j a prime number?
False
Let i(w) = 6*w**2 + 5*w - 8. Let l be i(-6). Suppose -3*s + 4*y + 86 = 0, 0*y = -5*s - 2*y + l. Is s composite?
True
Is 28/(-140) + 11352/10 a prime number?
False
Suppose 2*f + 1113 = 5*k, -k + f + 667 = 2*k. Is k composite?
True
Let n(p) = 16*p**2 + 2*p - 1. Is n(-2) a composite number?
False
Suppose -4*b + 2 = -6. Suppose b*j - 298 = -0*j. Is j a prime number?
True
Let t = 363 - -128. Is t composite?
False
Is 10619/28 - 1/(-8)*-2 a prime number?
True
Let h(u) = 5*u**2 + 4*u + 3. Let g be h(-6). Let r = 259 - g. Let a = r - 38. Is a prime?
False
Let a be (0 - -3)*4/(-6). Is (a/(-4))/((-2)/(-764)) a composite number?
False
Let s(t) = 3*t + 2*t - 8 - 3*t. Let c be s(6). Suppose -2*d + 42 = 5*z, 0*d - 3*d = -c*z - 17. Is d prime?
True
Let o(s) = s**2 + s**2 + 3*s - s**2 + 1 + 2*s**3 - 5*s**3. Is o(-2) prime?
True
Let i(x) = 2*x - 7*x + 7*x + 2*x**2 - 2 + x**2. Let l = -7 + 4. Is i(l) a composite number?
False
Suppose -5*y + 0*d = -3*d - 3427, -y - 2*d + 675 = 0. Is y composite?
False
Let l(g) = 7*g**2 + 5*g - 3. Let o = -21 - -37. Suppose 3*z = -z - o. Is l(z) a prime number?
True
Suppose -4*r - 2*l = -6 - 0, 4*l + 27 = 5*r. Suppose -2 = -w + r*t + 8, 3*w - 4*t = 30. Is w prime?
False
Suppose 3*o + 5 + 4 = 3*l, -2*l + o = -6. Suppose -2*p - 30 = -y, -33 = -l*y + 5*p + 55. Suppose -5*x + 1 = -9, 2*x - y = -w. Is w composite?
True
Is (50302/28)/(1/2) prime?
True
Let g(p) = p**3 - 5*p**2 - 3*p - 7. Let j be g(6). Let i = -8 + j. Suppose i*y = 2*y + 15. Is y prime?
False
Let p(k) = 0*k + 0*k**2 + k**2 + k. Let d be p(-2). Suppose n + q - 15 = 0, 3*n - 61 = -q + d*q. Is n prime?
True
Let d be (-1 + -1 + 376)/2. Suppose 2*y = 3*q + d, 0 = 3*y + 3*q - 4*q - 270. Is y prime?
True
Suppose 2*w = -0*w - 74. Let n = 116 + w. Is n composite?
False
Let f(p) = p**3 - 12*p**2 + 12*p - 12. Let q be f(11). Is ((-5802)/12)/(q/2) a prime number?
True
Suppose -l + 196 = 3*p, 3*p = 5*p + 6. Is l prime?
False
Let k = -3 - -8. Suppose 4*s = -2*s + 90. Suppose -u + 2*f = -s, -5*u + k*f - f = -99. Is u a prime number?
True
Suppose 5*t = -4*z - 26, -t + 0*z + 5*z - 11 = 0. Let q(j) = -2*j + 1. Is q(t) a prime number?
True
Let z be 0*(-3)/9 - -2. Suppose 2*b - 7 = -2*k + b, z = 2*b. Is k composite?
False
Let g be 2/(-4) + 2/4. Suppose g = a - 4*a + 57. Is a prime?
True
Suppose -i - 4*i = 0. Suppose -3*j + 714 + 84 = i. Suppose 0*z - 2*z + 103 = 3*n, -n - j = -5*z. Is z composite?
False
Let d = -86 + -7. Let f = 136 + d. Is f prime?
True
Let b(t) = 9*t - 4. Let j be (-10 + 4)/(0 - 2). Let d be (j/(-2))/(7/(-14)). Is b(d) composite?
False
Let z(b) = -b**3 + 9*b**2 + 6*b + 12. Let n be z(9). Let q = n + 23. Let l = q - 34. Is l a composite number?
True
Let j(u) = u**2 - 3. Let h be j(10). Let a = h + -40. Is a prime?
False
Let c be 3*(10/(-3) + 3). Is -3 - c - (-122)/2 prime?
True
Suppose 2*n + 196 = -2*n. Let d = -33 - n. Let s = 27 - d. Is s a prime number?
True
Let s(r) be the third derivative of -1/2*r**3 + 2*r**2 + 0 + 0*r - 1/2*r**4. Is s(-5) a prime number?
False
Let l = -7 + 10. Suppose 0 = -l*j - 5*m + 43, -54 = 2*j - 6*j - 5*m. Is j a composite number?
False
Let f(y) = 5561*y**2 + 6*y + 6. Is f(-1) composite?
True
Let k(d) = 3*d**3 - 2*d - 2. Let v be k(3). Let l = v - 38. Is l a prime number?
False
Suppose -3133 + 706 = -3*v. Is v composite?
False
Let o(u) = 14*u - 15. Let n be o(12). Suppose -640 = -5*l + 3*m + 2*m, 4*m = -l + n. Is l prime?
False
Let v(j) = -j**3 + 10*j**2 + 6*j + 11. Suppose -d - d + 16 = 0. Is v(d) a composite number?
True
Let x(u) = u**2 + 7*u + 6. Let l be x(-6). Suppose -z + 3*z - 2*s - 80 = l, -2*s + 25 = z. Is z prime?
False
Suppose 0*j - 14 = -j - o, -5*o = -15. Is j composite?
False
Suppose 0 = 6*i - 687 + 153. Is i a prime number?
True
Let s(t) = 14*t**2 - 4*t - 23. Is s(6) a prime number?
True
Is -515*(12/(-3))/4 a prime number?
False
Let x(v) = v**2 - 9*v + 12. Let i be x(8). Let b = i - 5. Is (-10)/((b - 1)/2) composite?
True
Let d(h) = -h**2 - 5*h + 3. Let b be d(-5). Suppose 2*w = -3*t - b*w + 65, -5*w + 90 = 4*t. Is t a composite number?
True
Let t be 6/2 + (-1 - -2). Suppose x = t*u + 149 + 464, 0 = 2*x - 4*u - 1210. Suppose 3*j = -0*j + 3*f + x, -5*j = 5*f - 1015. Is j prime?
False
Let p = -60 + 1619. Is p prime?
True
Let k = -70 + 549. Is k a prime number?
True
Suppose 5 = k - 150. Is k a prime number?
False
Suppose -5*q + k - 139 = 0, -2*k - 79 = 3*q - 7*k. Is (-4)/14 + (-3564)/q prime?
True
Let f(o) = -o**3 + 5*o**2 + 7*o + 6. Let u be f(6). Let j(q) = q**2 - 6*q - 5. Is j(u) prime?
True
Let p = -894 - -1352. Is p prime?
False
Let z = 274 - 159. Is z a composite number?
True
Suppose 0 = 2*k + 2*k + 96. Let m = k + 115. Is m a prime number?
False
Let r(q) = 379*q + 24. Is r(11) a composite number?
True
Suppose 3*z - 4*h = 1305 + 1384, 5*z - h - 4476 = 0. Is z prime?
False
Let m(n) = n**3 + 6*n**2 + 5*n + 5. Let z be m(-5). Let u(g) = 13*g - 4. Let s(h) = -1. Let q(w) = 2*s(w) + u(w). Is q(z) prime?
True
Suppose 0 = -2*l - 0*l + 5*u + 20, 4*l - 2*u - 24 = 0. Suppose l*o - 2 = 63. Is o a prime number?
True
Suppose -3*n - 9 = 0, -2*z - n + 1451 = 4*n. Is z prime?
True
Let h = -622 + 1683. Is h a prime number?
True
Let y be 4/(-2)*(-12)/6. Suppose -3*l + 0*q - 2 = y*q, l - 10 = 4*q. Suppose 4*o + 810 = 2*j, -l*j - 3*o = -36 - 802. Is j a composite number?
True
Let b(v) = -2*v + 2. Let l be b(-1). Suppose -2*t + l*t = 46. Is t a prime number?
True
Let s = 151 - 72. Is s a composite number?
False
Let g(m) = m**3 + m**2 + 45. Let c be g(0). Suppose 0 = -r + c - 7. Is r prime?
False
Suppose 0 = 5*p + 4*o - 56, p + 5*o + 2 - 9 = 0. Let z = -4 - -6. Let d = z + p. Is d prime?
False
Let g(w) = -w**3 - 5*w**2 - 3*w + 7. Let d be g(-6). Is d/2 + (-1)/(-2) prime?
True
Suppose 2*s - 1043 = -101. Is s prime?
False
Suppose -p - 156 - 66 = -w, w - 4*p = 219. Is w a prime number?
True
Suppose 4*q + 15 = -m, 7*m - 4*q - 21 = 2*m. Is 2/1 + (141 - m) composite?
True
Let z = -364 + 617. Let y = -149 + z. Suppose -233 = -2*n - 3*x, x = -n + 2*x + y. Is n prime?
True
Let s = 427 - 190. Is s prime?
False
Let k be ((-12)/(-10))/((-3)/(-15)). Let h(j) = j - 5. Let q be h(k). Let m(t) = 49*t**2. Is m(q) composite?
True
Suppose 0 - 5 = -5*d. Let k be (-435)/10*(-2)/d. Let r = k + -54. Is r prime?
False
Suppose -2*r + 0*r = -4. Suppose -157 = -r*j + j. Is j composite?
False
Suppose 0*u + 8*u = 7016. Is u composite?
False
Let j be (-2 - -2) + 2/2. Let v be 1/j - (1 - -1). Is 36 + v*(2 + -1) a composite number?
True
Suppose -4*l - 21 = -l. Let k(x) = -11*x - 10. Is k(l) a composite number?
False
Let g be 3 + (1 - 3)/(-1). Suppose g*n - 4*n - 5 = 0. Suppose n*c = 181 + 14. Is c prime?
Fa